011, -5*b + 4*o + 5013 = 1257. Calculate the highest common factor of 48 and b.
16
Let f(l) be the first derivative of 3*l**2/2 - 9*l - 3. Let g be f(6). Suppose 0 = -g*k + 5*k + 180. What is the greatest common divisor of 9 and k?
9
Suppose 51 = 5*d + 3*u, 0*d - 5*u + 37 = 3*d. Let j = -40 - -85. Calculate the greatest common divisor of j and d.
9
Let s(h) = h**3 - 2*h**2 + h + 35. Let g be s(0). Let j = g - 26. Calculate the highest common divisor of 63 and j.
9
Suppose 9 = f - v, -6*v - 20 = -2*v. Suppose -48 + 0 = -f*b. What is the greatest common factor of 8 and b?
4
Let w = -28 - -30. Let l(c) = 2 - 3*c - 2 + w + 4*c. Let p be l(-1). What is the greatest common factor of 11 and p?
1
Suppose 3*s + 46 = -80. Let n = -37 - s. What is the greatest common divisor of n and 35?
5
Let c be -2*(-4)/28*7. Suppose -4*f + c*a = 72, 17 = -2*f - 4*a - 39. Let w = f + 32. Calculate the highest common factor of 108 and w.
12
Let x = 18 + 42. Let p = x - 53. What is the highest common divisor of p and 7?
7
Let s = -26 + 13. Let b = s + 26. What is the highest common factor of 13 and b?
13
Let w be 1/4 + (-45)/(-12). Suppose 2*i = w*i - 44. Suppose 2*l - 182 = 2*p, 0*l + 4*l + 4*p = 340. What is the greatest common factor of l and i?
22
Suppose 45*u = 75*u - 270. What is the highest common divisor of u and 5?
1
Let q = -19 + 23. Let b be q/(-1)*-2 - 1. Suppose b*m - 4*m - 792 = 0. What is the greatest common factor of m and 24?
24
Let t = 723 - 613. Suppose 2*y - 4*y + 20 = 0. What is the highest common divisor of t and y?
10
Suppose 11 + 8 = 3*x + 4*k, -18 = -x + k. Let r = x - 10. Suppose -57 = -3*j - o - 2*o, -r*j + 55 = 2*o. What is the highest common factor of 187 and j?
17
Let n = 1385 + -1346. Calculate the highest common factor of n and 208.
13
Suppose -2*o = -3*a - 4*o - 4, 10 = -2*o. Suppose 5*w = a*w + 24. Calculate the highest common divisor of w and 56.
8
Let c = -45 - -50. Suppose -c*l + l + 88 = 0. Calculate the greatest common factor of 55 and l.
11
Suppose -5*p = 2*h - 4081, 3*p - 458 - 1990 = -h. Calculate the highest common divisor of 5 and p.
5
Let x(q) = q**3 + 11*q**2 + 16*q - 19. Let v be x(-9). Let l be v*2/2*-36. What is the greatest common factor of l and 54?
18
Let m = 1255 + -1219. What is the greatest common divisor of 1314 and m?
18
Let o = 283 - 217. Calculate the highest common factor of o and 264.
66
Suppose 5*r - 3*h - 2 = 0, 2*r - 2 = -2*r + 2*h. What is the greatest common divisor of 6 and r?
1
Let t(a) = -a**2 + 3*a + 8. Let p be t(6). Let w be (-8)/10*25/p. Suppose 0 = 2*x - w, 85 - 17 = 3*k - 4*x. Calculate the highest common factor of 8 and k.
8
Let z = 6 + 1. Let r(s) = -2*s**3 - s**2 + 1. Let c be r(1). Let p be (2/4*c)/(2/(-28)). Calculate the highest common factor of p and z.
7
Suppose -5*y = 4*s - 20, -25 = -3*y + 2*s - 7*s. Suppose y = 5*f - 103 - 102. Suppose -f = -2*z + 7. Calculate the highest common factor of z and 3.
3
Suppose 5*s + 3*b = 1015, 0 = 2*s + s - 2*b - 590. What is the highest common divisor of 150 and s?
50
Let j(z) = -z**2 - 17*z + 6. Let g be j(-12). Suppose -g = -2*q + 140. Suppose 3*c = 8*c + 10, -5*h - c = -q. Calculate the highest common divisor of 7 and h.
7
Let u be ((-27)/(-18))/((-3)/(-8)). Let m(p) = 5*p + 15. Let s be m(u). What is the highest common factor of 10 and s?
5
Suppose 0*k = p - 3*k - 26, 5*k + 22 = p. Let y = p - 20. Calculate the highest common divisor of 3 and y.
3
Let v(q) = -q**2 + 31*q + 12. Let a be v(31). What is the highest common divisor of a and 20?
4
Let g = -794 + 842. What is the greatest common divisor of g and 432?
48
Let q(x) = x**2 + 9*x + 13. Let h be q(-8). Suppose h*z = -4*g + 62, 0 = -7*g + 2*g - 2*z + 69. Calculate the greatest common divisor of g and 26.
13
Suppose f + 0 = -3. Let p be (7/f - -2)*-21. Let k(i) = i**3 + 19*i**2 - 2*i + 25. Let h be k(-19). Calculate the greatest common factor of p and h.
7
Suppose -600*o = -602*o + 486. What is the greatest common divisor of o and 18?
9
Suppose -322 = 425*g - 432*g. What is the greatest common factor of g and 69?
23
Let g be ((-9)/(-27))/(2/66). Let k = -11 + g. Suppose v - 6*v + 500 = k. Calculate the highest common factor of 20 and v.
20
Suppose f - 242 + 72 = -3*y, -3*f - 95 = -2*y. Calculate the greatest common factor of y and 10.
5
Suppose 0 = 4*s + 5*z - 685, 5*s - 3*z = 984 - 100. Let a = 105 + -72. Let l = a - 8. What is the highest common factor of l and s?
25
Suppose 0 = -48*k + 57*k - 531. Calculate the highest common factor of 590 and k.
59
Let d be (-6)/(-4*2/(15 + -3)). Calculate the highest common divisor of d and 126.
9
Suppose 144 = 6*v + 2*v. Let u(t) = -4*t**2 + 3*t**2 + 12 - t**3 - 8*t + 8*t**2 + 5*t**2. Let h be u(11). Calculate the greatest common factor of h and v.
9
Let r(v) = 10 + v - v - v + 7. Let b be r(8). What is the greatest common factor of 18 and b?
9
Let d = 51 + 133. Calculate the highest common factor of d and 8.
8
Let a be (-24)/(-84) - 2306/(-14). Let m = a - 93. What is the greatest common divisor of 9 and m?
9
Suppose -136 - 260 = 6*b. Let r = -46 - b. Calculate the greatest common factor of 5 and r.
5
Suppose 2*w = c - 0 + 6, 0 = 4*w + 4*c - 36. What is the greatest common factor of 50 and w?
5
Let z = 380 + -212. Let u be (1/(-3))/(8/z)*-1. Suppose -k - 14 = -2*k. Calculate the highest common divisor of u and k.
7
Let r be 46/4 - (-2)/4. Let t(y) = 2*y**2 + 39*y + 69. Let a be t(-21). Calculate the highest common divisor of a and r.
12
Let d = -21 - -271. What is the greatest common factor of 50 and d?
50
Let a = 19 - 20. Let q = a + 5. Suppose 0 = -5*z + 3*f + 104, 4*f = -q*z - 15 + 111. Calculate the greatest common factor of z and 2.
2
Suppose -5*b + 0*b = -40. Suppose 47*v - 148*v + 1212 = 0. Calculate the highest common divisor of v and b.
4
Suppose -39 = -4*n + 25. Suppose 0 = 5*l + t + 157, -4*t - 163 = -l + 6*l. Let x = 33 - l. Calculate the highest common divisor of x and n.
16
Let r be 33/(-2)*252/(-378). Calculate the highest common factor of r and 1969.
11
Suppose 17*n - 16*n = 8. What is the highest common factor of n and 56?
8
Suppose 67 + 17 = 3*l. What is the greatest common divisor of l and 364?
28
Let y = 104 + -54. Suppose -3*v + 73 = -47. Suppose -m = 3*m - v. Calculate the greatest common divisor of m and y.
10
Suppose 0 = 34*j - 219 - 189. Calculate the greatest common divisor of 27 and j.
3
Let g(x) = -x**2 + 7*x + 8. Let j be g(5). Let n be (j/(-8))/(4/(-160)). Let z be 36/2 - (1 - 1). What is the greatest common factor of z and n?
18
Let j(i) = -10*i - 12. Let x be j(-5). Suppose -x = -c - 20. Let k be (c/36)/((-1)/(-6)). Calculate the greatest common divisor of k and 24.
3
Suppose -2*n - 435 = -449. Let x be 377 - (4*1 + (2 - n)). Calculate the highest common factor of x and 42.
42
Suppose -8 = -5*d + f, -d + 5*f + 13 = -3. Suppose 3*n + d = 4*g - 16, -g - 3*n - 7 = 0. What is the greatest common divisor of g and 14?
2
Suppose 2 + 16 = 3*k. Suppose 3*m = -2*m + 60. Let r = m - k. What is the highest common factor of r and 42?
6
Let p = 21 - 16. Suppose f = p*f - 132. Suppose -v + 22 = -4*n, 3*v + 4*n - 66 = n. What is the greatest common divisor of f and v?
11
Let d(o) = o**3 + 7*o**2 + 4*o + 2. Let l be d(-3). What is the highest common factor of l and 26?
26
Suppose 0 = -7*r + 6 + 15. Suppose u = r*z - 0*z + 11, 4 = -4*u. Let l be -9 - z - -4 - -21. What is the greatest common factor of l and 30?
10
Let n be 4*(-3)/(-12)*6. Let y = 360 + -348. Calculate the highest common divisor of y and n.
6
Let q(s) = s + 4. Let f be q(3). Let p(m) = m**2 - 8*m + 19. Let v be p(f). Calculate the greatest common factor of v and 48.
12
Let i(c) = -2*c**2 - 3*c + 24. Let s be i(7). Let k = s + 150. Calculate the highest common factor of k and 22.
11
Suppose 4*c = -4*u + 32 - 4, 3*c = 5*u + 5. Suppose j = -2*j - 9, -2*k + 2*j + 10 = 0. What is the highest common factor of k and u?
2
Let g = -21 - -26. Let f = 0 + 3. Suppose 3*p = -f*m + 147, -4*m - p + 202 = -3*p. What is the greatest common divisor of m and g?
5
Suppose -5*f = -x + 46, 0*f + 3*f = -x + 30. Let a = x - 36. Suppose 6*b - 7 - 47 = a. What is the highest common divisor of 45 and b?
9
Suppose -2*a = -16*f - 96, -f + 65 = a - 1. Let d = -183 + 305. Suppose -4*l + 262 + d = 0. Wha